 Let r be d(z). Calculate the greatest common divisor of s and r.
7
Suppose 0 = 4*i - 8, -11*i + 12*i = -v - 5. Let u(x) = -x**2 + 9*x + 119. Let j be u(v). What is the highest common divisor of j and 2?
1
Suppose 3*d = -2 + 8. Suppose -w + 184 = d*t, -6*t = w - 3*t - 185. Let z = 163339 + -163325. What is the greatest common factor of z and w?
14
Let f = 4287 + -3216. What is the greatest common divisor of f and 1989?
153
Suppose 2*k - 2 = -0*k + 4*l, -3*k = -4*l + 3. Let p be 204/30 + (2 - (-14)/k). Let h be p*3/12*8. Calculate the greatest common factor of h and 48.
12
Suppose 0 = 7*l + 452 + 752. Let t = 514 + l. What is the greatest common divisor of t and 18?
18
Let j = 342 - 243. Let o = j - -51. Let p = o - 104. What is the highest common factor of 69 and p?
23
Let i be 257 + 8/(-2 + 4). Suppose 2*s + s = i. Let u = s + -23. What is the highest common divisor of 160 and u?
32
Let y(b) = -92*b - 14. Let m be y(-4). Let r = -124 + m. What is the greatest common divisor of r and 46?
46
Let f = 682 - 1113. Let t = f + 518. Calculate the greatest common divisor of 3 and t.
3
Suppose -1420 = -5*i + 4*n, -3*i + 5*i + 4*n = 568. Let h = i - 270. Calculate the highest common factor of h and 112.
14
Suppose -5*g - 139*i + 141*i = -465, 5*g - 450 = -i. Suppose -4*y + 6 = 2*o - 0*y, -5*y + 25 = 5*o. What is the greatest common factor of g and o?
7
Let m(b) = b**3 - 33*b**2 + 5*b - 11. Let g be m(33). Let r(p) = -98*p + 1. Let d be r(-1). What is the greatest common factor of g and d?
11
Let c be 5 + -2 + -5 + 7. Suppose c*u - 14 = -w + 10*u, 5*w = -2*u + 70. What is the greatest common divisor of 119 and w?
7
Let l(n) = 19*n + 86 - 24 + 3*n**2 - 4. Let i be l(-6). Calculate the greatest common factor of i and 8.
4
Let w(u) = -u**2 - 8*u - 14. Let t be w(-6). Let o be (t + -2)*2/(-4). Let c be ((-220)/10)/((-12)/o)*6. What is the highest common factor of 11 and c?
11
Let o be (35 + -38)/((-2)/14). Suppose o*j = -856 + 3208. Calculate the greatest common factor of 80 and j.
16
Let u = -40 - -67. Let w be -2*(u/2 - 2). Let v = w - -65. Calculate the highest common divisor of v and 14.
14
Let w(r) = 12*r**2 - 2*r - 1. Let t be w(2). Suppose 30 + 10 = z + 2*p, -p - t = -z. Let n = 80844 + -80832. What is the highest common factor of z and n?
6
Let x be (-33)/22*(56/6)/(-7). Calculate the highest common factor of x and 1877.
1
Let f(s) = -14 + 6*s - 3*s + 82 + 50 + 44. Let p be f(-42). What is the greatest common divisor of 900 and p?
36
Let n(v) = v - 2. Let b be n(-14). Let h(f) = f + 16. Let z be h(b). Let r be z - 4/((-16)/12). Calculate the greatest common factor of r and 33.
3
Suppose 8 = -0*u + 4*u. Let q = 346 - 232. Let y be 48/21 - (q/(-42) + 3). What is the greatest common factor of y and u?
2
Suppose -3*j + 472 = i - 1156, 3*i - 4862 = 2*j. Calculate the highest common factor of 4 and i.
2
Let x(c) = -9*c - 20. Let i be x(-3). Let u be (63/2)/i*22. What is the highest common factor of u and 27?
9
Let u be (-6195 + 10)*(56 - 57). Calculate the greatest common factor of u and 25.
5
Let b = -4326 - -4676. What is the greatest common divisor of 266 and b?
14
Suppose -2*v = -5*m - 5*v + 82, 0 = -5*m - 2*v + 83. Suppose 0 = m*z - 353 + 47. Let k be (28/(-6))/(-2*6/z). What is the highest common factor of 7 and k?
7
Suppose -1 = r - 2*r + 3*m, 4*r = -4*m + 20. Suppose 170 = r*l + 30. Let b = 3 + l. Calculate the greatest common factor of b and 57.
19
Let r = -773 - -959. Calculate the highest common factor of 5270 and r.
62
Let w = 36623 + -36601. What is the highest common divisor of w and 6?
2
Suppose -78 = -5*m - 108, -5*t - 4*m + 1316 = 0. What is the greatest common divisor of 871 and t?
67
Suppose 6 - 60 = -9*k. Let u be k/45 + 7322/210. What is the greatest common divisor of u and 560?
35
Suppose 66*v - 115*v + 16562 = 0. What is the greatest common factor of 169 and v?
169
Suppose -8*v + 3*v + 25 = 0. Suppose 0 = -v*f + 21 + 14. Let w be 2/f - 89/(-7). Calculate the highest common factor of w and 65.
13
Suppose -x = -4*d - 40 - 6, -3*d = -3*x + 138. Suppose -2*p + x = -a, -2*p - 4*a + 14 = -p. Calculate the highest common divisor of 242 and p.
22
Suppose 5*y + 195 = 3*a, -31 = 4*a - 5*a - 4*y. Calculate the highest common factor of a and 253.
11
Let s(j) = -22*j**3 - j**2. Let d be s(-1). Suppose -96 = -6*z - 6*z. Suppose 0 = -z*h - 8*h + 224. What is the highest common divisor of d and h?
7
Let v be (2/1 + -3)/(2/14). Let p be v/((23/115)/((-8)/10)). What is the greatest common divisor of p and 84?
28
Let r(x) be the first derivative of x**4/4 + 28*x**3/3 + 53*x**2/2 + 42*x + 71. Let y be r(-26). What is the greatest common factor of 16 and y?
16
Let i(b) = 1474*b + 166629. Let t be i(-112). Let m = -2 + 25. Calculate the greatest common factor of t and m.
23
Suppose 0 = 132*m - 40*m - 1501 + 121. What is the greatest common divisor of m and 145?
5
Let p(d) = 513*d - 2937. Let s be p(6). Calculate the highest common factor of s and 2021.
47
Let y(h) = 26*h - 56. Let o(p) = 12*p - 29. Let z(w) = 7*o(w) - 3*y(w). Let d be z(37). What is the highest common divisor of d and 44?
11
Suppose 6*y = 14*y - 24. Let s be (y/(-4) + 0)/((-17)/476). What is the greatest common divisor of s and 168?
21
Let s = 725 + -421. Let o = s - 161. Calculate the greatest common divisor of 13 and o.
13
Suppose 2*q - 317 = 5*y + 1767, 5*q = 4*y + 1657. Let t = 425 + y. Calculate the greatest common divisor of t and 98.
7
Suppose -166*l - 74*l + 1100762 = -802918. Calculate the greatest common factor of l and 60.
12
Let f(v) = -3*v**3 - 10*v**2 + 49*v + 248. Let h be f(-9). What is the highest common divisor of h and 256?
32
Let u be 255 - (4 + -2)*((-200)/16 - -10). Calculate the greatest common factor of 6370 and u.
130
Let t = -360 + 696. Let d be (160 - 141) + (0 - 7). Calculate the highest common factor of d and t.
12
Let v(b) = -2*b**3 - 34*b**2 + 54*b + 389. Let f be v(-18). What is the highest common factor of f and 2405?
65
Let u(d) = -29*d + 125. Let x be u(4). Let i be (11 + (1 - x))/(4/108). What is the highest common divisor of i and 1377?
81
Let x(h) = h + 9. Let p be (-2)/(-8) + 538/(-8). Let l = p + 63. Let k be x(l). Calculate the greatest common divisor of k and 1.
1
Let z be (-3480)/30 + (-5 - -1). Let x = z + 130. Calculate the highest common divisor of x and 370.
10
Let k = 27814 + -13797. What is the highest common factor of k and 214?
107
Suppose -c + 5*d + 65 = 0, 5*d - 235 = -c - 4*c. Let b = -54 + c. Let g be (b - -1)*(-4)/(0 - -4). Calculate the highest common factor of g and 3.
3
Let k = -9 - -53. Suppose 0 = -28*m + 24*m + 84. Suppose -2*g - m = -109. What is the greatest common factor of g and k?
44
Let w be (((-107)/(-2))/(25/(-150)))/(-1). Calculate the greatest common divisor of w and 6.
3
Let q(s) = s**2 - 4*s - 40. Let y be q(9). What is the greatest common divisor of y and 142?
1
Let w be 25 - ((-36)/(-21))/((-225)/70 + 3). What is the greatest common factor of w and 7018?
11
Let s = 7178 + -6884. Calculate the highest common factor of 770 and s.
14
Let o = 34 + -95. Let n be -8 + 4 - (3 + o). What is the greatest common divisor of 24 and n?
6
Suppose 3*t - 369 = 3*b + 1272, 2*b - 1651 = -3*t. Let i = 16 + -7. What is the greatest common factor of i and t?
9
Let r = 34476 - 34308. Calculate the highest common factor of r and 119.
7
Let i = -72 - -90. Let t be (-18)/(-27) + 3/(i/8). Let p be (11/(231/90))/(t/14). Calculate the greatest common factor of 330 and p.
30
Let k = 153 - 70. Let d be k/9 - 6/(-108)*-4. What is the greatest common factor of 180 and d?
9
Let j be 9*54/63 + 2/7. What is the greatest common factor of j and 35?
1
Let c(w) = 3*w**2 - 21*w + 9. Let y be c(7). Let h = -22 + y. Let g = h + 19. Calculate the highest common divisor of 9 and g.
3
Let z = 6676 + -6357. What is the highest common divisor of z and 286?
11
Let j(l) = l**3 + 4*l**2 - 7*l. Suppose 0*y = 2*y + 10. Let b be j(y). Suppose 202*n - 3263 - 2238 = 559. Calculate the greatest common factor of n and b.
10
Let w be 52/91 + (-72732)/(-70) + (-18)/(-45). What is the greatest common divisor of 16 and w?
16
Suppose -4*x + 984 = -2*k, -5*x + 5*k + 1254 = 29. Suppose -17 = 3*n - 5, 3*b - 379 = -5*n. What is the greatest common divisor of b and x?
19
Le